{"id":15899,"date":"2025-10-23T22:33:33","date_gmt":"2025-10-23T20:33:33","guid":{"rendered":"https:\/\/lepouliguen-ecole.fr\/?page_id=15899"},"modified":"2026-04-08T22:46:39","modified_gmt":"2026-04-08T20:46:39","slug":"accueil","status":"publish","type":"page","link":"https:\/\/lepouliguen-ecole.fr\/","title":{"rendered":"Accueil"},"content":{"rendered":"<div id=\"pl-15899\"  class=\"panel-layout\" ><div id=\"pg-15899-0\"  class=\"panel-grid panel-no-style\" ><div id=\"pgc-15899-0-0\"  class=\"panel-grid-cell\" ><div id=\"panel-15899-0-0-0\" class=\"so-panel widget widget_text panel-first-child panel-last-child\" data-index=\"0\" ><h3 class=\"widget-title\">Inscriptions rentr\u00e9e 2026<\/h3>\t\t\t<div class=\"textwidget\"><p><a href=\"https:\/\/lepouliguen-ecole.fr\/wp-content\/uploads\/2026\/03\/inscriptions-scolaires2022-1200x630-1.jpg\"><img loading=\"lazy\" decoding=\"async\" class=\"aligncenter size-medium wp-image-16094\" src=\"https:\/\/lepouliguen-ecole.fr\/wp-content\/uploads\/2026\/03\/inscriptions-scolaires2022-1200x630-1-300x158.jpg\" alt=\"\" width=\"300\" height=\"158\" srcset=\"https:\/\/lepouliguen-ecole.fr\/wp-content\/uploads\/2026\/03\/inscriptions-scolaires2022-1200x630-1-300x158.jpg 300w, https:\/\/lepouliguen-ecole.fr\/wp-content\/uploads\/2026\/03\/inscriptions-scolaires2022-1200x630-1-1024x538.jpg 1024w, https:\/\/lepouliguen-ecole.fr\/wp-content\/uploads\/2026\/03\/inscriptions-scolaires2022-1200x630-1-768x403.jpg 768w, https:\/\/lepouliguen-ecole.fr\/wp-content\/uploads\/2026\/03\/inscriptions-scolaires2022-1200x630-1.jpg 1200w\" sizes=\"auto, (max-width: 300px) 100vw, 300px\" \/><\/a><\/p>\n<p>Vous souhaitez inscrire votre enfant \u00e0 l&rsquo;\u00e9cole Sainte-Marie pour la rentr\u00e9e 2026, n&rsquo;h\u00e9sitez pas \u00e0 prendre contact avec la cheffe d&rsquo;\u00e9tablissement pour une rencontre et une visite des locaux au 02.40.42.31.09 ou par mail ec.pouliguen.ste-marie@ec44.fr<\/p>\n<\/div>\n\t\t<\/div><\/div><div id=\"pgc-15899-0-1\"  class=\"panel-grid-cell\" ><div id=\"panel-15899-0-1-0\" class=\"so-panel widget widget_text panel-first-child panel-last-child\" data-index=\"1\" ><h3 class=\"widget-title\">C\u00e9l\u00e9bration de P\u00e2ques<\/h3>\t\t\t<div class=\"textwidget\"><p>Mardi 7 avril, nous avons c\u00e9l\u00e9br\u00e9 la f\u00eate de P\u00e2ques \u00e0 l&rsquo;\u00e9glise. Les enfants avaient r\u00e9alis\u00e9 pour cette occasion un d\u00e9cor de printemps.<\/p>\n<p><a href=\"https:\/\/lepouliguen-ecole.fr\/wp-content\/uploads\/2026\/04\/IMG_4225.jpeg\"><img loading=\"lazy\" decoding=\"async\" class=\"aligncenter size-large wp-image-16182\" src=\"https:\/\/lepouliguen-ecole.fr\/wp-content\/uploads\/2026\/04\/IMG_4225-1024x769.jpeg\" alt=\"\" width=\"1024\" height=\"769\" srcset=\"https:\/\/lepouliguen-ecole.fr\/wp-content\/uploads\/2026\/04\/IMG_4225-1024x769.jpeg 1024w, https:\/\/lepouliguen-ecole.fr\/wp-content\/uploads\/2026\/04\/IMG_4225-300x225.jpeg 300w, https:\/\/lepouliguen-ecole.fr\/wp-content\/uploads\/2026\/04\/IMG_4225-768x576.jpeg 768w, https:\/\/lepouliguen-ecole.fr\/wp-content\/uploads\/2026\/04\/IMG_4225-1536x1153.jpeg 1536w, https:\/\/lepouliguen-ecole.fr\/wp-content\/uploads\/2026\/04\/IMG_4225-1320x991.jpeg 1320w, https:\/\/lepouliguen-ecole.fr\/wp-content\/uploads\/2026\/04\/IMG_4225.jpeg 1804w\" sizes=\"auto, (max-width: 1024px) 100vw, 1024px\" \/><\/a><\/p>\n<\/div>\n\t\t<\/div><\/div><\/div><div id=\"pg-15899-1\"  class=\"panel-grid panel-no-style\" ><div id=\"pgc-15899-1-0\"  class=\"panel-grid-cell\" ><div id=\"panel-15899-1-0-0\" class=\"so-panel widget widget_text panel-first-child panel-last-child\" data-index=\"2\" ><h3 class=\"widget-title\">Bienvenue \u00e0 l&rsquo;\u00e9cole Sainte-Marie<\/h3>\t\t\t<div class=\"textwidget\"><p><a href=\"https:\/\/lepouliguen-ecole.fr\/wp-content\/uploads\/2026\/03\/logo-ecole-.jpg\"><img loading=\"lazy\" decoding=\"async\" class=\"aligncenter size-full wp-image-16068\" src=\"https:\/\/lepouliguen-ecole.fr\/wp-content\/uploads\/2026\/03\/logo-ecole-.jpg\" alt=\"\" width=\"187\" height=\"178\" \/><\/a><\/p>\n<p>L&rsquo;\u00e9quipe p\u00e9dagogique est heureuse de vous accueillir sur ce site pour vous faire d\u00e9couvrir notre \u00e9tablissement.<\/p>\n<p>L&rsquo;\u00e9cole Sainte-Marie accueille les enfants de la pr\u00e9 petite section au CM2.<\/p>\n<p>Pour faire vivre notre projet \u00e9ducatif, nous avons \u00e0 c\u0153ur, \u00e0 l&rsquo;image de Marie, de guider les enfants qui nous sont confi\u00e9s dans un climat de bienveillance, de foi et d\u2019esp\u00e9rance afin qu\u2019ils trouvent leur place au sein de la communaut\u00e9 et devienne des citoyens libres, responsables et curieux du monde qui les entoure.<\/p>\n<p>Nous vous souhaitons une belle visite sur notre site et restons \u00e0 votre disposition pour toute rencontre !<\/p>\n<p>Elodie CASSOU<\/p>\n<p>Cheffe d&rsquo;\u00e9tablissement<\/p>\n<p><a href=\"https:\/\/lepouliguen-ecole.fr\/wp-content\/uploads\/2025\/10\/P1450654-scaled.jpg\"><img loading=\"lazy\" decoding=\"async\" class=\"aligncenter size-full wp-image-15925\" src=\"https:\/\/lepouliguen-ecole.fr\/wp-content\/uploads\/2025\/10\/P1450654-scaled.jpg\" alt=\"\" width=\"2560\" height=\"1920\" srcset=\"https:\/\/lepouliguen-ecole.fr\/wp-content\/uploads\/2025\/10\/P1450654-scaled.jpg 2560w, https:\/\/lepouliguen-ecole.fr\/wp-content\/uploads\/2025\/10\/P1450654-300x225.jpg 300w, https:\/\/lepouliguen-ecole.fr\/wp-content\/uploads\/2025\/10\/P1450654-1024x768.jpg 1024w, https:\/\/lepouliguen-ecole.fr\/wp-content\/uploads\/2025\/10\/P1450654-768x576.jpg 768w, https:\/\/lepouliguen-ecole.fr\/wp-content\/uploads\/2025\/10\/P1450654-1536x1152.jpg 1536w, https:\/\/lepouliguen-ecole.fr\/wp-content\/uploads\/2025\/10\/P1450654-2048x1536.jpg 2048w, https:\/\/lepouliguen-ecole.fr\/wp-content\/uploads\/2025\/10\/P1450654-150x113.jpg 150w, https:\/\/lepouliguen-ecole.fr\/wp-content\/uploads\/2025\/10\/P1450654-1320x990.jpg 1320w\" sizes=\"auto, (max-width: 2560px) 100vw, 2560px\" \/><\/a><\/p>\n<p>&nbsp;<\/p>\n<\/div>\n\t\t<\/div><\/div><\/div><\/div>","protected":false},"excerpt":{"rendered":"<p>Vous souhaitez inscrire votre enfant \u00e0 l&rsquo;\u00e9cole Sainte-Marie pour la rentr\u00e9e 2026, n&rsquo;h\u00e9sitez pas \u00e0 prendre contact avec la cheffe d&rsquo;\u00e9tablissement pour une rencontre et une visite des locaux au 02.40.42.31.09 ou par mail ec.pouliguen.ste-marie@ec44.fr Mardi 7 avril, nous avons c\u00e9l\u00e9br\u00e9 la f\u00eate de P\u00e2ques \u00e0 l&rsquo;\u00e9glise. Les enfants avaient r\u00e9alis\u00e9 pour cette occasion un<\/p>\n<p><a href=\"https:\/\/lepouliguen-ecole.fr\/\" class=\"more-link themebutton\">Read More<\/a><\/p>\n","protected":false},"author":14,"featured_media":0,"parent":0,"menu_order":0,"comment_status":"closed","ping_status":"closed","template":"","meta":{"ngg_post_thumbnail":0,"footnotes":""},"class_list":["post-15899","page","type-page","status-publish","hentry"],"_links":{"self":[{"href":"https:\/\/lepouliguen-ecole.fr\/index.php?rest_route=\/wp\/v2\/pages\/15899","targetHints":{"allow":["GET"]}}],"collection":[{"href":"https:\/\/lepouliguen-ecole.fr\/index.php?rest_route=\/wp\/v2\/pages"}],"about":[{"href":"https:\/\/lepouliguen-ecole.fr\/index.php?rest_route=\/wp\/v2\/types\/page"}],"author":[{"embeddable":true,"href":"https:\/\/lepouliguen-ecole.fr\/index.php?rest_route=\/wp\/v2\/users\/14"}],"replies":[{"embeddable":true,"href":"https:\/\/lepouliguen-ecole.fr\/index.php?rest_route=%2Fwp%2Fv2%2Fcomments&post=15899"}],"version-history":[{"count":16,"href":"https:\/\/lepouliguen-ecole.fr\/index.php?rest_route=\/wp\/v2\/pages\/15899\/revisions"}],"predecessor-version":[{"id":16184,"href":"https:\/\/lepouliguen-ecole.fr\/index.php?rest_route=\/wp\/v2\/pages\/15899\/revisions\/16184"}],"wp:attachment":[{"href":"https:\/\/lepouliguen-ecole.fr\/index.php?rest_route=%2Fwp%2Fv2%2Fmedia&parent=15899"}],"curies":[{"name":"wp","href":"https:\/\/api.w.org\/{rel}","templated":true}]}}