{"id":2058,"date":"2017-10-10T18:23:59","date_gmt":"2017-10-10T16:23:59","guid":{"rendered":"https:\/\/lepouliguen-ecole.fr\/?page_id=2058"},"modified":"2025-06-02T22:06:22","modified_gmt":"2025-06-02T20:06:22","slug":"documents-utiles","status":"publish","type":"page","link":"https:\/\/lepouliguen-ecole.fr\/?page_id=2058","title":{"rendered":"Documents administratifs"},"content":{"rendered":"<p>Pour obtenir les documents souhait\u00e9s, cliquez dessus :<\/p>\n<ul style=\"list-style-type: square;\">\n<li><a href=\"https:\/\/lepouliguen-ecole.fr\/wp-content\/uploads\/2025\/06\/coupon-dabsence.pdf\">coupons d&rsquo;absence&nbsp;<\/a><\/li>\n<li><a href=\"https:\/\/lepouliguen-ecole.fr\/wp-content\/uploads\/2025\/06\/reglement-interieur.pdf\">r\u00e8glement int\u00e9rieur<\/a><\/li>\n<li><a href=\"https:\/\/lepouliguen-ecole.fr\/wp-content\/uploads\/2025\/06\/reglement-cantine.pdf\">r\u00e8glement de la cantine&nbsp;<\/a><\/li>\n<li><a href=\"https:\/\/lepouliguen-ecole.fr\/wp-content\/uploads\/2025\/06\/reglement-periscolaire.pdf\">r\u00e8glement du p\u00e9riscolaire<\/a><\/li>\n<li><a href=\"https:\/\/lepouliguen-ecole.fr\/wp-content\/uploads\/2025\/06\/RGPD.pdf\">notice RGPD<\/a><\/li>\n<\/ul>\n","protected":false},"excerpt":{"rendered":"<p>Pour obtenir les documents souhait\u00e9s, cliquez dessus : coupons d&rsquo;absence&nbsp; r\u00e8glement int\u00e9rieur r\u00e8glement de la cantine&nbsp; r\u00e8glement du p\u00e9riscolaire notice RGPD<\/p>\n","protected":false},"author":4,"featured_media":0,"parent":0,"menu_order":0,"comment_status":"closed","ping_status":"closed","template":"","meta":{"ngg_post_thumbnail":0,"footnotes":""},"class_list":["post-2058","page","type-page","status-publish","hentry"],"_links":{"self":[{"href":"https:\/\/lepouliguen-ecole.fr\/index.php?rest_route=\/wp\/v2\/pages\/2058","targetHints":{"allow":["GET"]}}],"collection":[{"href":"https:\/\/lepouliguen-ecole.fr\/index.php?rest_route=\/wp\/v2\/pages"}],"about":[{"href":"https:\/\/lepouliguen-ecole.fr\/index.php?rest_route=\/wp\/v2\/types\/page"}],"author":[{"embeddable":true,"href":"https:\/\/lepouliguen-ecole.fr\/index.php?rest_route=\/wp\/v2\/users\/4"}],"replies":[{"embeddable":true,"href":"https:\/\/lepouliguen-ecole.fr\/index.php?rest_route=%2Fwp%2Fv2%2Fcomments&post=2058"}],"version-history":[{"count":8,"href":"https:\/\/lepouliguen-ecole.fr\/index.php?rest_route=\/wp\/v2\/pages\/2058\/revisions"}],"predecessor-version":[{"id":15762,"href":"https:\/\/lepouliguen-ecole.fr\/index.php?rest_route=\/wp\/v2\/pages\/2058\/revisions\/15762"}],"wp:attachment":[{"href":"https:\/\/lepouliguen-ecole.fr\/index.php?rest_route=%2Fwp%2Fv2%2Fmedia&parent=2058"}],"curies":[{"name":"wp","href":"https:\/\/api.w.org\/{rel}","templated":true}]}}